the prime factors of a?
23
Let g(c) = -143*c**3 + 7*c**2 + 9*c - 3. List the prime factors of g(-2).
1151
Let q = -22 + 55. List the prime factors of ((-220)/q)/(4/(-90)).
2, 3, 5
Let g be (-304)/(-10) - (56/(-35))/(-4). Suppose 4*k = 0, -g - 12 = -3*x + 3*k. List the prime factors of x.
2, 7
Let w be (-155)/(-30) + (-3)/18. Suppose 5*z - 598 = -4*d + 7*z, 745 = w*d - 3*z. What are the prime factors of d?
2, 19
Let b = 127 + 12. Suppose -2*a - 3*r + 306 = 0, -3*r + r = -a + b. Suppose -5*c + a = 12. List the prime factors of c.
3
Let h = 100 - -488. Suppose -d - h = -7*d. What are the prime factors of d?
2, 7
Suppose 0 = -2*x - 4*d + 586, 4*x + 6*d = 7*d + 1172. List the prime factors of x.
293
Suppose 35 = 5*y - 0*y. Suppose y*n = 9*n - 8. Suppose 56 = 5*u + n*g, 4*u - u - 4*g - 40 = 0. What are the prime factors of u?
2, 3
Suppose 5*x + 10 = 0, 3*r = 7*r + 4*x + 24. Let f(q) = -44*q + 9. What are the prime factors of f(r)?
5, 37
Suppose -4*z = -2*z - 196. Suppose -z*x + 93*x + 660 = 0. What are the prime factors of x?
2, 3, 11
Let v be (-4432)/(-18) + -5 + 4/(-18). Suppose v = 3*c - 353. List the prime factors of c.
2, 3, 11
Let w = 5663 + -3424. What are the prime factors of w?
2239
Let o(k) be the first derivative of -k**4/2 - 2*k**3 + 2*k**2 - 2*k + 11. What are the prime factors of o(-5)?
2, 3, 13
Suppose -y + 18 = -4*w, -y - 2*y = 2*w - 12. Let g(x) = 8*x - 13. Let f(z) = -1. Let p(h) = 2*f(h) + g(h). List the prime factors of p(y).
3, 11
Suppose -3*n = 9*n - 36. Suppose f = 3*c + 41, -3*f = -c + n*c - 156. What are the prime factors of f?
2, 5
Let z be ((-15)/3 - -4)*5. Let g = 0 + 3. Let d = g - z. List the prime factors of d.
2
Let l(v) = -v**2 - 9*v + 9. Let y(k) = -4*k + 4. Let u(j) = 2*l(j) - 5*y(j). Let n be u(1). What are the prime factors of (24/(-9))/(n/18)?
2, 3
Suppose t + 20 = -5*r, -2*r - 3*r - 15 = 0. What are the prime factors of (-109)/((t + 3)/2) + 0?
109
Let p(r) = -r**2 - 12*r - 15. Let g be p(-11). Let q(x) = -44*x - 1. List the prime factors of q(g).
5, 7
What are the prime factors of (-50)/150 - (-5324)/6?
887
Suppose 25 = -108*z + 113*z. Suppose 4*l = 3*f + 404, 0*f - 228 = -2*l - z*f. List the prime factors of l.
2, 13
Let h = 1770 + -949. What are the prime factors of h?
821
Suppose 2*x + 4*x - 102 = 0. Let d = x + -14. What are the prime factors of d?
3
Suppose 4*x + g = 18, 0 = -5*x + g + 9 + 9. Suppose -h - 2*t = -2*h + 16, 5*h - 38 = -x*t. List the prime factors of h.
2, 5
Let z = 14 - 8. Let b(c) = 9*c - 8. Let y be b(z). Let r = y - 19. What are the prime factors of r?
3
Suppose -2*v = 4*s - 108, 0*v + 2*v - s - 128 = 0. Let f = -43 + v. What are the prime factors of f?
19
List the prime factors of (444/9 + 2)*33.
2, 7, 11
Let g be 6/8*(13 + -5). Suppose -b = -g*b + 170. List the prime factors of b.
2, 17
Suppose -1491 = -3*p + 270. What are the prime factors of p?
587
What are the prime factors of (-6)/((-144)/(-33780))*-2?
5, 563
Suppose -2*w + 3277 = 5*t, 3*t - 8*t + 6539 = 4*w. List the prime factors of w.
7, 233
Suppose -8*a + 2460 = 2*a. Suppose 66*l - a = 63*l. What are the prime factors of l?
2, 41
Let i = -3707 + 8325. List the prime factors of i.
2, 2309
Suppose -d + 45 = -3*a + 2*d, 14 = -2*a - 2*d. Let h(i) be the third derivative of -5*i**4/24 - 2*i**3 - 57*i**2 - i. What are the prime factors of h(a)?
43
Suppose -5*v = -5*o + 25, v - 5*v = o - 5. Suppose -2*j + m + 25 = 0, -4*j - o*m = -3*j - 40. Let f = j - -30. List the prime factors of f.
3, 5
Suppose -2*g = -7*g + h + 490, -2*g = -2*h - 196. Let s = -56 + g. Suppose a - l = s - 2, 2*a - 68 = -2*l. List the prime factors of a.
37
Suppose 2*g - c = -g + 1119, 4*g - 1481 = 5*c. List the prime factors of g.
2, 11, 17
Suppose -5*q - 3*t = -679 - 4220, 4*t = -5*q + 4902. List the prime factors of q.
2, 3, 163
Suppose 280*i = 279*i + 3525. List the prime factors of i.
3, 5, 47
Suppose 5 = -8*r - 27. List the prime factors of r/5 - (-387)/15.
5
Let g(r) = r**2 - 27*r + 707. List the prime factors of g(26).
3, 227
Let r(j) = -6*j**3 - 11*j**2 - 3*j - 88. What are the prime factors of r(-8)?
2, 3
Suppose 8 = -4*m + 8*m. Suppose 5*g + 0*h - 3*h - 186 = 0, 5*g + m*h = 176. List the prime factors of g.
2, 3
Let s(a) = a + 10. Let q be s(-8). Suppose -2*n = q*t, -5*n + 5 = t + 3*t. Suppose 4*f - 6*f + 68 = n*p, 3*p + 2*f = 44. What are the prime factors of p?
2, 3
Let v(d) = d**3 + 11*d**2 + 2*d + 4. Let h be v(-5). What are the prime factors of (h/(-21))/((-1)/7)?
2, 3
Let m = -101 - -101. Suppose 4*w - 533 = q - 2*q, m = -q + 5. What are the prime factors of w?
2, 3, 11
Let f(r) = -7*r - 1. Let g be f(-27). Let t = g + -55. What are the prime factors of t?
7, 19
Let w(u) = -u**2 + 15*u - 9. Let h be (-4)/(-18) - 106/(-9). List the prime factors of w(h).
3
Let s(z) = z**2 - 6*z + 13. Let t be s(4). Suppose t*c + 2*v - 915 = 0, -732 = -6*c + 2*c + 4*v. List the prime factors of c.
3, 61
Let b(f) = f**3 - 12*f**2 - 25*f + 41. List the prime factors of b(16).
5, 7, 19
Suppose 96 = 2*f + m, 176 = 2*f + 2*f - 2*m. List the prime factors of f.
2, 23
Suppose z - 28 = -3*z. Suppose -382 - 388 = -z*i. What are the prime factors of i?
2, 5, 11
Suppose -5*w = -6*w + 35. Suppose -6*s + s = -w. Suppose -5*y + s = -18. What are the prime factors of y?
5
Let t = -741 - -1229. Let b = 746 - t. What are the prime factors of b?
2, 3, 43
Let c = -194 + 293. What are the prime factors of 4*4/24*c?
2, 3, 11
Let r be (1/(-3)*1)/((-2)/24). Suppose 124 = r*w - 276. What are the prime factors of w?
2, 5
Let x(y) = 4962*y**2 + 5*y + 1. What are the prime factors of x(1)?
2, 3, 23
Suppose 308 = 4*y + 52. What are the prime factors of y - (2 + -3 + -2)?
67
Let q be (-10)/(-1) + 0/1. Let z = 149 + -143. Let f = z + q. What are the prime factors of f?
2
Suppose -f - 5 = -1. Let u be (f/12)/(1/(-12)). Suppose 0*k = u*t - 4*k - 44, 13 = -2*t - 5*k. List the prime factors of t.
2, 3
Suppose -2*j - 1536 = -10*j. Let f = -34 + j. List the prime factors of f.
2, 79
Let i(o) = -o - 1. Let y be i(-6). Suppose 4*a + 14 = y*r + 2, 0 = 5*a - 2*r - 2. Let p(k) = 21*k - 5. List the prime factors of p(a).
37
Let j(s) = s**2 - 4*s + 7. Let h be j(7). Suppose -z + r = -2*z + h, -3*r = 4*z - 109. What are the prime factors of z?
5
Let m(x) = -4*x**2 - x. Let t be m(-1). Let w = t - -3. Suppose -2 = 2*s + 4, -5*q + 4*s + 132 = w. What are the prime factors of q?
2, 3
Let t(g) = -20*g**3 + 19*g - 2. What are the prime factors of t(-4)?
2, 601
Let j(m) = 49*m - 61. Let k be j(-12). Let l = k + 910. What are the prime factors of l?
3, 29
Let t(v) = -44*v**3 - 2*v**2 - 7*v - 18. List the prime factors of t(-2).
2, 5, 17
Suppose 28 = h + 3*h. Let f(g) be the second derivative of -g**4/6 + 8*g**3/3 + g**2 + 3*g. What are the prime factors of f(h)?
2
Let c = -4 + 1. Let n = 17 + c. Let l = 9 + n. List the prime factors of l.
23
Let w(g) = 0*g**2 - g - g**2 + 31 - 2*g + 9. List the prime factors of w(0).
2, 5
Suppose 0 = 2*f + 2, -5*f = -q + 2345 + 1733. List the prime factors of q.
4073
Let c = -66 - -100. Let v = -107 - -130. Let w = c - v. List the prime factors of w.
11
What are the prime factors of ((-82)/(-123))/((-2)/(-162))?
2, 3
Suppose 0 = -3*n + 15, -15 = -5*g + 2*n - n. Suppose -x = g*x - 380. Suppose 2*r + 10 = b, 5*b - x = -0*b - 3*r. List the prime factors of b.
2, 7
Let t = 27 - 23. Let i = -10 - -19. Suppose -t*m + i = -27. List the prime factors of m.
3
Let x(w) = w**3 - 2*w**2 + 9*w - 17. Suppose 0 = -3*c - 3*n + 21, -2*c + 17 = 3*c - 4*n. What are the prime factors of x(c)?
103
Let l(r) = -r**3 - 14*r**2 - 14*r + 18. What are the prime factors of l(-14)?
2, 107
Suppose -z + 38 = -475. What are the prime factors of z?
3, 19
Suppose 33 = v - 269. What are the prime factors of v?
2, 151
Let n = 725 - 101. List the prime factors of n.
2, 3, 13
Suppose -3*w = -4*l - 0*w + 26, 3*w = -6. Suppose 5*o = l*i - 205, 5*i = 4*i - 5*o + 47. What are the prime factors of i?
2, 3, 7
Let g be 8/(-3)*-1 - 4/6. List the prime factors of (265/g + 2)*(-5 + 7).
269
Let o = 66 + 9. Let d = o - 42. List the prime factors of d.
3, 11
Let w(x) = 40*x**2 + 6*x + 6. Let s be w(-4). Suppose 234 = -4*r + s. What are the prime factors of r?
97
Suppose -5*l + 672 = 2*l. Let o = -26 + l. List the prime factors of